3*i, 0 = -40*i + 37*i - 4*p + 111846. What are the prime factors of i?
2, 3, 5, 11, 113
Let a(t) = -5*t**3 - 332*t**2 + 2*t**3 - 5 + 349*t**2 + 0*t**3. List the prime factors of a(-4).
3, 17
Let k = 274545 - 187194. What are the prime factors of k?
3, 11, 2647
Let p(u) = -7*u**2 + 7*u + 27*u**2 - 14*u**2 - 154. What are the prime factors of p(13)?
3, 317
Let k(d) = 11*d**2 - 1 - 25*d**2 + 15*d**2. Let a be k(-7). Suppose 472 - a = 4*u. What are the prime factors of u?
2, 53
Let b(n) = -2*n - 3. Let r be b(1). Let l(g) = -g**2 - 9*g + 6. Let f be l(r). Suppose 0 = -20*c + f*c - 978. What are the prime factors of c?
163
Let g be 1/1*((-6)/1 - 3). Let k be 350/6 + (-33)/g + -3. Let l = k + 131. What are the prime factors of l?
2, 5, 19
Let a(t) = -40*t - 156. Let n be -29 - 1*(-48)/8. What are the prime factors of a(n)?
2, 191
Suppose 0 = 2*v - 5*z - 26370, 4*z + 24992 = 4*v - 27772. List the prime factors of v.
5, 7, 13, 29
Suppose 2*u = 2*j, -j + 2 = -0. Let i(k) = -1 - 13*k**u - 1 - 10*k + 12*k**2. What are the prime factors of i(-7)?
19
Let o(h) be the first derivative of -13*h**2 + 24*h - 6. Let w be o(-14). Let x = w - 262. List the prime factors of x.
2, 3, 7
What are the prime factors of ((-3)/((-27)/(-30642)))/(50/(-75))?
5107
Let v(g) = 12 - 14 + 16*g + 8*g**3 + 3 - 31 - 5*g**2. List the prime factors of v(3).
3, 7
Let s(a) be the first derivative of 11*a**3/6 + 21*a**2/2 - 11*a + 27. Let n(w) be the first derivative of s(w). List the prime factors of n(12).
3, 17
Let o(u) = 16*u**3 + 3*u**2 - 4*u. Let l be o(3). Let g = -134 + l. What are the prime factors of g?
313
Let q(z) = z - 67. Let v be q(0). Let i = 107 + v. Suppose -2*f - i = -2*c, 3*c - c - 20 = -3*f. What are the prime factors of c?
2
Let o = 102 + -41. Let r = 61 - o. Suppose r = 9*j - 211 - 230. What are the prime factors of j?
7
Let f = 32 - 29. Let c be 6/f*(-2 - -3)/2. What are the prime factors of (-1124)/(-8) + c/2?
3, 47
What are the prime factors of 31343 - ((-3760)/320 + 1/(-4))?
5, 6271
Let k(h) = -5897*h - 9481. What are the prime factors of k(-7)?
2, 13, 1223
Suppose -3783 - 6525 = -6*q. Suppose t + 687 = 2*c, -13*c + q = -8*c - 3*t. List the prime factors of c.
7
List the prime factors of ((-64140)/(-108))/(4/18)*18/5.
3, 1069
Let v = 47 + -45. Suppose -w = -7*r + 2*r + 41, -v*w = 3*r - 22. Suppose -35 = -r*x + 53. List the prime factors of x.
11
List the prime factors of (-17)/34 - (-1305167)/38.
2, 13, 1321
Suppose 5*w - 3059 = m, 20*m - 22*m + 603 = w. What are the prime factors of w?
13, 47
Suppose -16 = 4*p, 57 = -r + 3*p + p. Let i = 86 + r. What are the prime factors of (-6492)/(-52) - (-2)/i?
5
Let r be ((-7)/(-3)*(2 + -3))/(1/9). Let m(c) = c**3 - 4*c**2 - 4*c - 4. Let n be m(6). Let k = r + n. List the prime factors of k.
23
Let v be (-64)/28 + 2 + (-37)/(-7). Let b = 6 + -3. Suppose 2*h = 10, v*h + 47 = 3*o - b. What are the prime factors of o?
5
Suppose -f = -w - 6*f + 14, 0 = 2*w - 4*f - 14. Suppose m - c = 43, 3*c - 135 = w*m - 12*m. What are the prime factors of m?
2, 11
Suppose 5*n = -5*l + 2*n + 1517, 5*n = -2*l + 603. Suppose 0 = -4*u + 2*f + l, -6*f - 10 = -f. List the prime factors of u.
3, 5
Let o(t) = 5*t**3 + 86*t**2 - 16*t + 71. Let z(h) = 3*h**3 + 58*h**2 - 11*h + 47. Let f(a) = 5*o(a) - 8*z(a). List the prime factors of f(34).
251
Suppose -3*x + 4*c = -96, 8 - 73 = -2*x + 3*c. List the prime factors of (3269/x)/((-10)/(-40)).
467
Let v(g) = -2*g + 45. Suppose -2*f = 10, -2*p - 2 = p + f. Let c be (-19)/(-19) + p/(-1). List the prime factors of v(c).
3, 5
Let y = -19050 + 28381. What are the prime factors of y?
7, 31, 43
Let g(x) = 13*x**2 - 9*x - 21. Let n be g(-2). What are the prime factors of 0 + 0 + -1 - n*-5?
2, 61
Let w(y) = 140*y**3 - 4*y + 3. Let d be w(1). Let i = 224 - d. List the prime factors of i.
5, 17
Suppose -o + 5*a = -9310, 0 = 20*o - 25*o + 5*a + 46650. List the prime factors of o.
5, 1867
Let k(n) = 4*n - 6. Let p be k(2). Suppose 248 = 5*y + 3*a, p*a + 120 - 372 = -5*y. Suppose -11*i = -10*i - y. What are the prime factors of i?
2, 13
Let l(m) = -m**3 - 9*m**2 - 8*m - 52. Let p be l(-9). What are the prime factors of ((-24)/p)/(5 - 3380/675)?
2, 3
Let l = -19939 - -27170. List the prime factors of l.
7, 1033
Let c = 41 - 37. Suppose -1 = -2*v - 0*z + 3*z, 0 = 2*v + c*z - 22. Suppose v*s - 141 = 54. What are the prime factors of s?
3, 13
Let g be 2*(-60)/56 + 3/21. Let z be 4/g + (3 - -13). Suppose u = z + 26. List the prime factors of u.
2, 5
Let k be (1 - 3) + -195 + -11. What are the prime factors of (-2931)/(-4) - 13/k*-12?
2, 3, 61
Suppose 0 = 5*m - 25, 5*o + 829 + 1 = 2*m. Let j = 79 + o. Let i = 144 + j. List the prime factors of i.
59
Suppose 5*a = -25, 3*a = 29*x - 25*x - 10691. What are the prime factors of x?
17, 157
Suppose -3*q + 53898 = -r, -4*q - 4*r + 65756 = -6060. What are the prime factors of q?
11, 23, 71
Suppose 1023 = 9*b - 426. Suppose 4*g + 57 = -315. Let x = b + g. What are the prime factors of x?
2, 17
Suppose 70*h - 54*h = 80. Suppose 7*b - h*a - 1411 = 6*b, a = 2*b - 2849. What are the prime factors of b?
2, 23, 31
Suppose -78*u = -83*u + 26050. List the prime factors of u.
2, 5, 521
Let n(a) be the first derivative of -a**3/3 + 21*a**2/2 + 28*a - 162. Suppose -27 = -3*o + 30. What are the prime factors of n(o)?
2, 3, 11
Suppose -528066 = -185*b + 158*b. What are the prime factors of b?
2, 7, 11, 127
Suppose 0 = 2*b - 15*b + 39. Suppose -b*s = -21 + 6. Suppose 2*y = -3*g - 0*g + 86, s*g - 2*y - 170 = 0. What are the prime factors of g?
2
Let l(k) be the first derivative of -k**4/4 - 4*k**3 - 3*k**2/2 - 16*k + 3. Let n be l(-12). Suppose -n*a + 15*a = -355. List the prime factors of a.
71
Let k = 7921 + -2041. List the prime factors of k.
2, 3, 5, 7
Let b(p) = -6*p - 54. Let a be b(-10). Suppose -a*w + 445 = -59. Suppose 0 = -3*n + w + 48. What are the prime factors of n?
2, 11
Let p(q) = 51*q**2 + 3*q + 53913. List the prime factors of p(0).
3, 17971
Let i(l) = 68*l + 15 - 5 + 22 + 75. List the prime factors of i(8).
3, 7, 31
Let i be ((-6)/4*-2)/((-9)/(-2670)). Suppose -2*w = -3*g - w + i, 0 = 4*g - 3*w - 1190. List the prime factors of g.
2, 37
Suppose 0 = 8*y + 99 - 3635. Let h = y - -264. What are the prime factors of h?
2, 353
Let w(u) = u**2 - 8*u. Let o be w(6). Let p be (o/9)/((-5)/(-3))*-5. Suppose 0 = 4*z + 4*c - 2*c - 332, p*z + 5*c = 332. List the prime factors of z.
83
What are the prime factors of (5312/(-10))/((-22)/55)?
2, 83
Suppose -5*m + 828 = 3*v, 2*v - 11*m - 552 = -14*m. Let f = -56 + v. What are the prime factors of f?
2, 5, 11
Let c = 258 - 245. What are the prime factors of (c - 1) + 18/(-3) - -993?
3, 37
Let r = 830 - 504. Let s be 2 - (-1)/((-4)/(-2200)). Let j = s - r. List the prime factors of j.
2, 113
Let u = -4886 - -8205. Let t = -1973 + u. What are the prime factors of t?
2, 673
Suppose -4 = -7*a + 3. Let o be (a + -2)*1 - -1. Suppose n - 4*k - 14 = 0, o = n + 3*k + 2*k - 5. What are the prime factors of n?
2, 5
Let n(a) = -a**2 + 23*a - 18. Suppose 0*w = -4*w. Suppose -8 - 7 = 5*t, 2*l - 4*t - 48 = w. What are the prime factors of n(l)?
2, 3
Suppose 7*k - 113664 - 140884 = 0. List the prime factors of k.
2, 9091
Let t(y) = 2*y + 1. Let o be t(2). Suppose -4*r = -o*v + 539, -2*v = -3*v - 5*r + 102. Suppose 3*b = -4*g + 366 - v, b - 90 = -5*g. List the prime factors of b.
5, 17
Suppose -597 = -s + 3*t + 4812, -5*t + 5425 = s. Suppose 5*c = -5*v + s, 0 = -2*v - 6*c + c + 2163. What are the prime factors of v?
2, 271
Suppose -4*x + 5*w = -2165, 2*x - 2*w - 1075 = -7*w. Let i = -292 + x. Suppose -10*s + i = -2*s. List the prime factors of s.
31
Let j(i) = i**3 - 7*i**2 - 17*i - 2. Let b = -403 + 418. What are the prime factors of j(b)?
1543
Suppose -3*b + 0*m - 426 = 2*m, 3*b - 5*m + 447 = 0. Let r = b + 578. What are the prime factors of r?
2, 7, 31
Let z(r) = -29*r - r**2 + 3 + 15*r - 26. Let u be z(-12). List the prime factors of (-3 + -532)/(-5) - u.
2, 53
Suppose -22 = 4*r - 38. Suppose 0 = -r*m + 3*x + 1852, -5*x = -m - x + 476. What are the prime factors of m?
2, 5, 23
Let m be 3 + 2/(6/21). Suppose 304 - 1774 = m*b. What are the prime factors of (-4)/14 + 0 + (-10626)/b?
2, 3
Suppose 6*u - 686 = 13*u. Let z(k) = k**3 - 8*k**2 - 6*k + 14. Let r be